{"id":21239,"date":"2022-12-07T15:23:26","date_gmt":"2022-12-07T14:23:26","guid":{"rendered":"https:\/\/premierpaschezsoi.com\/w2\/?post_type=product&#038;p=21239"},"modified":"2026-01-02T21:47:23","modified_gmt":"2026-01-02T20:47:23","slug":"maison-a-etage-pour-des-cites-balneaires-ou-de-vacances-200-m%c2%b2-habitable-4-chambres-avec-piscine","status":"publish","type":"product","link":"https:\/\/premierpaschezsoi.com\/w2\/produit\/maison-a-etage-pour-des-cites-balneaires-ou-de-vacances-200-m%c2%b2-habitable-4-chambres-avec-piscine\/","title":{"rendered":"VILLA BALN\u00c9AIRE R+1  sur 600 M\u00b2  4 CHAMBRES AVEC PISCINE"},"content":{"rendered":"<table class=\"w-fit min-w-(--thread-content-width)\" data-start=\"1770\" data-end=\"3747\">\n<thead data-start=\"1770\" data-end=\"1879\">\n<tr data-start=\"1770\" data-end=\"1879\">\n<th data-start=\"1770\" data-end=\"1805\" data-col-size=\"sm\">\u00c9l\u00e9ment<\/th>\n<th data-start=\"1805\" data-end=\"1879\" data-col-size=\"md\">D\u00e9tail<\/th>\n<\/tr>\n<\/thead>\n<tbody data-start=\"1990\" data-end=\"3747\">\n<tr data-start=\"1990\" data-end=\"2099\">\n<td data-start=\"1990\" data-end=\"2025\" data-col-size=\"sm\"><strong data-start=\"1992\" data-end=\"2000\">Type<\/strong><\/td>\n<td data-col-size=\"md\" data-start=\"2025\" data-end=\"2099\">Villa r\u00e9sidentielle R+1 (avec piscine)<\/td>\n<\/tr>\n<tr data-start=\"2100\" data-end=\"2208\">\n<td data-start=\"2100\" data-end=\"2135\" data-col-size=\"sm\"><strong data-start=\"2102\" data-end=\"2120\">Surface totale<\/strong><\/td>\n<td data-col-size=\"md\" data-start=\"2135\" data-end=\"2208\">745 m\u00b2 habitables (372,54 m\u00b2 par niveau)<\/td>\n<\/tr>\n<tr data-start=\"2209\" data-end=\"2318\">\n<td data-start=\"2209\" data-end=\"2244\" data-col-size=\"sm\"><strong data-start=\"2211\" data-end=\"2239\">Nombre total de chambres<\/strong><\/td>\n<td data-col-size=\"md\" data-start=\"2244\" data-end=\"2318\">4 (1 au RDC, 3 \u00e0 l\u2019\u00e9tage)<\/td>\n<\/tr>\n<tr data-start=\"2319\" data-end=\"2428\">\n<td data-start=\"2319\" data-end=\"2354\" data-col-size=\"sm\"><strong data-start=\"2321\" data-end=\"2341\">Nombre de salons<\/strong><\/td>\n<td data-col-size=\"md\" data-start=\"2354\" data-end=\"2428\">1 grand salon au rez-de-chauss\u00e9e (60,69 m\u00b2)<\/td>\n<\/tr>\n<tr data-start=\"2429\" data-end=\"2538\">\n<td data-start=\"2429\" data-end=\"2464\" data-col-size=\"sm\"><strong data-start=\"2431\" data-end=\"2459\">Cuisine \/ Salle \u00e0 manger<\/strong><\/td>\n<td data-start=\"2464\" data-end=\"2538\" data-col-size=\"md\">Cuisine ouverte (11,31 m\u00b2) + SAM (14,40 m\u00b2)<\/td>\n<\/tr>\n<tr data-start=\"2539\" data-end=\"2648\">\n<td data-start=\"2539\" data-end=\"2574\" data-col-size=\"sm\"><strong data-start=\"2541\" data-end=\"2563\">Chambre principale<\/strong><\/td>\n<td data-start=\"2574\" data-end=\"2648\" data-col-size=\"md\">55,75 m\u00b2 avec salle d\u2019eau et dressing<\/td>\n<\/tr>\n<tr data-start=\"2649\" data-end=\"2758\">\n<td data-start=\"2649\" data-end=\"2684\" data-col-size=\"sm\"><strong data-start=\"2651\" data-end=\"2670\">Autres chambres<\/strong><\/td>\n<td data-start=\"2684\" data-end=\"2758\" data-col-size=\"md\">24,48 m\u00b2 et 20,20 m\u00b2 (\u00e9tage) + 32,28 m\u00b2 (RDC)<\/td>\n<\/tr>\n<tr data-start=\"2759\" data-end=\"2868\">\n<td data-start=\"2759\" data-end=\"2794\" data-col-size=\"sm\"><strong data-start=\"2761\" data-end=\"2775\">Sanitaires<\/strong><\/td>\n<td data-start=\"2794\" data-end=\"2868\" data-col-size=\"md\">4 salles de bain + toilettes visiteurs<\/td>\n<\/tr>\n<tr data-start=\"2869\" data-end=\"2979\">\n<td data-start=\"2869\" data-end=\"2904\" data-col-size=\"sm\"><strong data-start=\"2871\" data-end=\"2882\">Magasin<\/strong><\/td>\n<td data-start=\"2904\" data-end=\"2979\" data-col-size=\"md\">6,32 m\u00b2<\/td>\n<\/tr>\n<tr data-start=\"2980\" data-end=\"3089\">\n<td data-start=\"2980\" data-end=\"3015\" data-col-size=\"sm\"><strong data-start=\"2982\" data-end=\"3005\">Terrasses &amp; balcons<\/strong><\/td>\n<td data-start=\"3015\" data-end=\"3089\" data-col-size=\"md\">2 terrasses au RDC + balcons \u00e0 l\u2019\u00e9tage<\/td>\n<\/tr>\n<tr data-start=\"3090\" data-end=\"3199\">\n<td data-start=\"3090\" data-end=\"3125\" data-col-size=\"sm\"><strong data-start=\"3092\" data-end=\"3102\">Garage<\/strong><\/td>\n<td data-start=\"3125\" data-end=\"3199\" data-col-size=\"md\">Ferm\u00e9, 2 voitures<\/td>\n<\/tr>\n<tr data-start=\"3200\" data-end=\"3309\">\n<td data-start=\"3200\" data-end=\"3235\" data-col-size=\"sm\"><strong data-start=\"3202\" data-end=\"3213\">Piscine<\/strong><\/td>\n<td data-start=\"3235\" data-end=\"3309\" data-col-size=\"md\">Espace pr\u00e9vu pour piscine privative<\/td>\n<\/tr>\n<tr data-start=\"3310\" data-end=\"3418\">\n<td data-start=\"3310\" data-end=\"3345\" data-col-size=\"sm\"><strong data-start=\"3312\" data-end=\"3341\">Co\u00fbt estim\u00e9 du gros \u0153uvre<\/strong><\/td>\n<td data-start=\"3345\" data-end=\"3418\" data-col-size=\"md\">Environ <strong data-start=\"3355\" data-end=\"3374\">63 325 000 FCFA<\/strong> (745 m\u00b2 \u00d7 85 000 FCFA\/m\u00b2)<\/td>\n<\/tr>\n<tr data-start=\"3419\" data-end=\"3528\">\n<td data-start=\"3419\" data-end=\"3454\" data-col-size=\"sm\"><strong data-start=\"3421\" data-end=\"3430\">Style<\/strong><\/td>\n<td data-start=\"3454\" data-end=\"3528\" data-col-size=\"md\">Contemporain baln\u00e9aire, volumes ouverts, toiture plate<\/td>\n<\/tr>\n<tr data-start=\"3529\" data-end=\"3638\">\n<td data-start=\"3529\" data-end=\"3564\" data-col-size=\"sm\"><strong data-start=\"3531\" data-end=\"3553\">Terrain recommand\u00e9<\/strong><\/td>\n<td data-start=\"3564\" data-end=\"3638\" data-col-size=\"md\">Environ 600 m\u00b2 (id\u00e9alement 20 m x 30 m)<\/td>\n<\/tr>\n<tr data-start=\"3639\" data-end=\"3747\">\n<td data-start=\"3639\" data-end=\"3674\" data-col-size=\"sm\"><strong data-start=\"3641\" data-end=\"3657\">Public cible<\/strong><\/td>\n<td data-start=\"3674\" data-end=\"3747\" data-col-size=\"md\">Investisseurs haut standing, r\u00e9sidences secondaires, cit\u00e9s baln\u00e9aires<\/td>\n<\/tr>\n<\/tbody>\n<\/table>\n","protected":false},"excerpt":{"rendered":"<p>Villa contemporaine R+1 de 4 chambres avec piscine, garage ferm\u00e9, deux terrasses et volumes spacieux.<br data-start=\"303\" data-end=\"306\" \/>Un mod\u00e8le haut standing con\u00e7u pour les cit\u00e9s baln\u00e9aires ou r\u00e9sidences de vacances sur un terrain de 600 \u00e0 1000 m\u00b2.<\/p>\n","protected":false},"featured_media":21240,"comment_status":"open","ping_status":"closed","template":"","meta":{"_glsr_average":0,"_glsr_ranking":0,"_glsr_reviews":0,"_joinchat":[]},"product_cat":[161,154,152,148],"product_tag":[],"class_list":{"0":"post-21239","1":"product","2":"type-product","3":"status-publish","4":"has-post-thumbnail","6":"product_cat-moins-de-70-millions","7":"product_cat-100-m-et-plus","8":"product_cat-4-chambres-et-plus","9":"product_cat-duplex","10":"tm-no-options","12":"first","13":"instock","14":"sale","15":"shipping-taxable","16":"purchasable","17":"product-type-variable","18":"add-to-wishlist-after_add_to_cart"},"_links":{"self":[{"href":"https:\/\/premierpaschezsoi.com\/w2\/wp-json\/wp\/v2\/product\/21239","targetHints":{"allow":["GET"]}}],"collection":[{"href":"https:\/\/premierpaschezsoi.com\/w2\/wp-json\/wp\/v2\/product"}],"about":[{"href":"https:\/\/premierpaschezsoi.com\/w2\/wp-json\/wp\/v2\/types\/product"}],"replies":[{"embeddable":true,"href":"https:\/\/premierpaschezsoi.com\/w2\/wp-json\/wp\/v2\/comments?post=21239"}],"version-history":[{"count":6,"href":"https:\/\/premierpaschezsoi.com\/w2\/wp-json\/wp\/v2\/product\/21239\/revisions"}],"predecessor-version":[{"id":28957,"href":"https:\/\/premierpaschezsoi.com\/w2\/wp-json\/wp\/v2\/product\/21239\/revisions\/28957"}],"wp:featuredmedia":[{"embeddable":true,"href":"https:\/\/premierpaschezsoi.com\/w2\/wp-json\/wp\/v2\/media\/21240"}],"wp:attachment":[{"href":"https:\/\/premierpaschezsoi.com\/w2\/wp-json\/wp\/v2\/media?parent=21239"}],"wp:term":[{"taxonomy":"product_cat","embeddable":true,"href":"https:\/\/premierpaschezsoi.com\/w2\/wp-json\/wp\/v2\/product_cat?post=21239"},{"taxonomy":"product_tag","embeddable":true,"href":"https:\/\/premierpaschezsoi.com\/w2\/wp-json\/wp\/v2\/product_tag?post=21239"}],"curies":[{"name":"wp","href":"https:\/\/api.w.org\/{rel}","templated":true}]}}

VILLA BALNÉAIRE R+1  sur 600 M²  4 CHAMBRES AVEC PISCINE

<table class="w-fit min-w-(--thread-content-width)" data-start="1770" data-end="3747">
<thead data-start="1770" data-end="1879">
<tr data-start="1770" data-end="1879">
<th data-start="1770" data-end="1805" data-col-size="sm">Élément</th>
<th data-start="1805" data-end="1879" data-col-size="md">Détail</th>
</tr>
</thead>
<tbody data-start="1990" data-end="3747">
<tr data-start="1990" data-end="2099">
<td data-start="1990" data-end="2025" data-col-size="sm"><strong data-start="1992" data-end="2000">Type</strong></td>
<td data-col-size="md" data-start="2025" data-end="2099">Villa résidentielle R+1 (avec piscine)</td>
</tr>
<tr data-start="2100" data-end="2208">
<td data-start="2100" data-end="2135" data-col-size="sm"><strong data-start="2102" data-end="2120">Surface totale</strong></td>
<td data-col-size="md" data-start="2135" data-end="2208">745 m² habitables (372,54 m² par niveau)</td>
</tr>
<tr data-start="2209" data-end="2318">
<td data-start="2209" data-end="2244" data-col-size="sm"><strong data-start="2211" data-end="2239">Nombre total de chambres</strong></td>
<td data-col-size="md" data-start="2244" data-end="2318">4 (1 au RDC, 3 à l’étage)</td>
</tr>
<tr data-start="2319" data-end="2428">
<td data-start="2319" data-end="2354" data-col-size="sm"><strong data-start="2321" data-end="2341">Nombre de salons</strong></td>
<td data-col-size="md" data-start="2354" data-end="2428">1 grand salon au rez-de-chaussée (60,69 m²)</td>
</tr>
<tr data-start="2429" data-end="2538">
<td data-start="2429" data-end="2464" data-col-size="sm"><strong data-start="2431" data-end="2459">Cuisine / Salle à manger</strong></td>
<td data-start="2464" data-end="2538" data-col-size="md">Cuisine ouverte (11,31 m²) + SAM (14,40 m²)</td>
</tr>
<tr data-start="2539" data-end="2648">
<td data-start="2539" data-end="2574" data-col-size="sm"><strong data-start="2541" data-end="2563">Chambre principale</strong></td>
<td data-start="2574" data-end="2648" data-col-size="md">55,75 m² avec salle d’eau et dressing</td>
</tr>
<tr data-start="2649" data-end="2758">
<td data-start="2649" data-end="2684" data-col-size="sm"><strong data-start="2651" data-end="2670">Autres chambres</strong></td>
<td data-start="2684" data-end="2758" data-col-size="md">24,48 m² et 20,20 m² (étage) + 32,28 m² (RDC)</td>
</tr>
<tr data-start="2759" data-end="2868">
<td data-start="2759" data-end="2794" data-col-size="sm"><strong data-start="2761" data-end="2775">Sanitaires</strong></td>
<td data-start="2794" data-end="2868" data-col-size="md">4 salles de bain + toilettes visiteurs</td>
</tr>
<tr data-start="2869" data-end="2979">
<td data-start="2869" data-end="2904" data-col-size="sm"><strong data-start="2871" data-end="2882">Magasin</strong></td>
<td data-start="2904" data-end="2979" data-col-size="md">6,32 m²</td>
</tr>
<tr data-start="2980" data-end="3089">
<td data-start="2980" data-end="3015" data-col-size="sm"><strong data-start="2982" data-end="3005">Terrasses &amp; balcons</strong></td>
<td data-start="3015" data-end="3089" data-col-size="md">2 terrasses au RDC + balcons à l’étage</td>
</tr>
<tr data-start="3090" data-end="3199">
<td data-start="3090" data-end="3125" data-col-size="sm"><strong data-start="3092" data-end="3102">Garage</strong></td>
<td data-start="3125" data-end="3199" data-col-size="md">Fermé, 2 voitures</td>
</tr>
<tr data-start="3200" data-end="3309">
<td data-start="3200" data-end="3235" data-col-size="sm"><strong data-start="3202" data-end="3213">Piscine</strong></td>
<td data-start="3235" data-end="3309" data-col-size="md">Espace prévu pour piscine privative</td>
</tr>
<tr data-start="3310" data-end="3418">
<td data-start="3310" data-end="3345" data-col-size="sm"><strong data-start="3312" data-end="3341">Coût estimé du gros œuvre</strong></td>
<td data-start="3345" data-end="3418" data-col-size="md">Environ <strong data-start="3355" data-end="3374">63 325 000 FCFA</strong> (745 m² × 85 000 FCFA/m²)</td>
</tr>
<tr data-start="3419" data-end="3528">
<td data-start="3419" data-end="3454" data-col-size="sm"><strong data-start="3421" data-end="3430">Style</strong></td>
<td data-start="3454" data-end="3528" data-col-size="md">Contemporain balnéaire, volumes ouverts, toiture plate</td>
</tr>
<tr data-start="3529" data-end="3638">
<td data-start="3529" data-end="3564" data-col-size="sm"><strong data-start="3531" data-end="3553">Terrain recommandé</strong></td>
<td data-start="3564" data-end="3638" data-col-size="md">Environ 600 m² (idéalement 20 m x 30 m)</td>
</tr>
<tr data-start="3639" data-end="3747">
<td data-start="3639" data-end="3674" data-col-size="sm"><strong data-start="3641" data-end="3657">Public cible</strong></td>
<td data-start="3674" data-end="3747" data-col-size="md">Investisseurs haut standing, résidences secondaires, cités balnéaires</td>
</tr>
</tbody>
</table>

<p>Villa contemporaine R+1 de 4 chambres avec piscine, garage fermé, deux terrasses et volumes spacieux.<br data-start="303" data-end="306" />Un modèle haut standing conçu pour les cités balnéaires ou résidences de vacances sur un terrain de 600 à 1000 m².</p>
