{"id":25437,"date":"2023-01-06T23:53:52","date_gmt":"2023-01-06T22:53:52","guid":{"rendered":"https:\/\/premierpaschezsoi.com\/w2\/?post_type=product&#038;p=25437"},"modified":"2025-12-17T19:19:40","modified_gmt":"2025-12-17T18:19:40","slug":"maison-plain-pied-140-m%c2%b2-habitable-3-chambres","status":"publish","type":"product","link":"https:\/\/premierpaschezsoi.com\/w2\/produit\/maison-plain-pied-140-m%c2%b2-habitable-3-chambres\/","title":{"rendered":"VILLA NDAHO_ PLAIN-PIED  4 CHAMBRES."},"content":{"rendered":"<h2 data-start=\"3626\" data-end=\"3693\">Tableau des caract\u00e9ristiques \u2013 Villa NDAHO<\/h2>\n<div class=\"TyagGW_tableContainer\">\n<div class=\"group TyagGW_tableWrapper flex w-fit flex-col-reverse\">\n<table class=\"w-fit min-w-(--thread-content-width)\" data-start=\"3695\" data-end=\"4741\">\n<thead data-start=\"3695\" data-end=\"3725\">\n<tr data-start=\"3695\" data-end=\"3725\">\n<th data-start=\"3695\" data-end=\"3714\" data-col-size=\"sm\">Caract\u00e9ristiques<\/th>\n<th data-start=\"3714\" data-end=\"3725\" data-col-size=\"md\">D\u00e9tails<\/th>\n<\/tr>\n<\/thead>\n<tbody data-start=\"3736\" data-end=\"4741\">\n<tr data-start=\"3736\" data-end=\"3771\">\n<td data-start=\"3736\" data-end=\"3752\" data-col-size=\"sm\">Nom du mod\u00e8le<\/td>\n<td data-col-size=\"md\" data-start=\"3752\" data-end=\"3771\"><strong data-start=\"3754\" data-end=\"3769\">Villa NDAHO<\/strong><\/td>\n<\/tr>\n<tr data-start=\"3772\" data-end=\"3802\">\n<td data-start=\"3772\" data-end=\"3779\" data-col-size=\"sm\">Type<\/td>\n<td data-col-size=\"md\" data-start=\"3779\" data-end=\"3802\">Maison individuelle<\/td>\n<\/tr>\n<tr data-start=\"3803\" data-end=\"3826\">\n<td data-start=\"3803\" data-end=\"3812\" data-col-size=\"sm\">Niveau<\/td>\n<td data-col-size=\"md\" data-start=\"3812\" data-end=\"3826\">Plain-pied<\/td>\n<\/tr>\n<tr data-start=\"3827\" data-end=\"3861\">\n<td data-start=\"3827\" data-end=\"3847\" data-col-size=\"sm\">Surface habitable<\/td>\n<td data-col-size=\"md\" data-start=\"3847\" data-end=\"3861\"><strong data-start=\"3849\" data-end=\"3859\">271 m\u00b2<\/strong><\/td>\n<\/tr>\n<tr data-start=\"3862\" data-end=\"3963\">\n<td data-start=\"3862\" data-end=\"3887\" data-col-size=\"sm\">Emprise au sol estim\u00e9e<\/td>\n<td data-col-size=\"md\" data-start=\"3887\" data-end=\"3963\">~270 m\u00b2 (selon dimensions du plan)<\/p>\n<p class=\"not-prose mt-0! mb-0! flex-auto truncate\">N_PROJET NDAHO. VUE EN PLAN AME\u2026<\/p>\n<\/td>\n<\/tr>\n<tr data-start=\"3964\" data-end=\"4059\">\n<td data-start=\"3964\" data-end=\"3996\" data-col-size=\"sm\">Dimensions b\u00e2timent (approx.)<\/td>\n<td data-col-size=\"md\" data-start=\"3996\" data-end=\"4059\"><strong data-start=\"3998\" data-end=\"4019\">18,55 m x 14,60 m<\/strong><\/td>\n<\/tr>\n<tr data-start=\"4060\" data-end=\"4113\">\n<td data-start=\"4060\" data-end=\"4081\" data-col-size=\"sm\">Terrain recommand\u00e9<\/td>\n<td data-col-size=\"md\" data-start=\"4081\" data-end=\"4113\"><strong data-start=\"4083\" data-end=\"4093\">500 m\u00b2<\/strong> (ex. 20 m x 25 m)<\/td>\n<\/tr>\n<tr data-start=\"4114\" data-end=\"4153\">\n<td data-start=\"4114\" data-end=\"4142\" data-col-size=\"sm\">Terrain minimum conseill\u00e9<\/td>\n<td data-col-size=\"md\" data-start=\"4142\" data-end=\"4153\">~450 m\u00b2<\/td>\n<\/tr>\n<tr data-start=\"4154\" data-end=\"4174\">\n<td data-start=\"4154\" data-end=\"4165\" data-col-size=\"sm\">Chambres<\/td>\n<td data-col-size=\"md\" data-start=\"4165\" data-end=\"4174\"><strong data-start=\"4167\" data-end=\"4172\">4<\/strong><\/td>\n<\/tr>\n<tr data-start=\"4175\" data-end=\"4201\">\n<td data-start=\"4175\" data-end=\"4192\" data-col-size=\"sm\">Salles de bain<\/td>\n<td data-col-size=\"md\" data-start=\"4192\" data-end=\"4201\"><strong data-start=\"4194\" data-end=\"4199\">4<\/strong><\/td>\n<\/tr>\n<tr data-start=\"4202\" data-end=\"4226\">\n<td data-start=\"4202\" data-end=\"4217\" data-col-size=\"sm\">WC visiteurs<\/td>\n<td data-col-size=\"md\" data-start=\"4217\" data-end=\"4226\"><strong data-start=\"4219\" data-end=\"4224\">1<\/strong><\/td>\n<\/tr>\n<tr data-start=\"4227\" data-end=\"4295\">\n<td data-start=\"4227\" data-end=\"4235\" data-col-size=\"sm\">Salon<\/td>\n<td data-col-size=\"md\" data-start=\"4235\" data-end=\"4295\"><strong data-start=\"4237\" data-end=\"4242\">1<\/strong> (\u2248 39,96 m\u00b2)<\/td>\n<\/tr>\n<tr data-start=\"4296\" data-end=\"4366\">\n<td data-start=\"4296\" data-end=\"4306\" data-col-size=\"sm\">Cuisine<\/td>\n<td data-start=\"4306\" data-end=\"4366\" data-col-size=\"md\"><strong data-start=\"4308\" data-end=\"4313\">1<\/strong> (\u2248 14,00 m\u00b2)<\/td>\n<\/tr>\n<tr data-start=\"4367\" data-end=\"4393\">\n<td data-start=\"4367\" data-end=\"4384\" data-col-size=\"sm\">Salle \u00e0 manger<\/td>\n<td data-start=\"4384\" data-end=\"4393\" data-col-size=\"md\"><strong data-start=\"4386\" data-end=\"4391\">1<\/strong><\/td>\n<\/tr>\n<tr data-start=\"4394\" data-end=\"4480\">\n<td data-start=\"4394\" data-end=\"4418\" data-col-size=\"sm\">Salle pri\u00e8re \/ Bureau<\/td>\n<td data-start=\"4418\" data-end=\"4480\" data-col-size=\"md\"><strong data-start=\"4420\" data-end=\"4425\">1<\/strong> (\u2248 13,95 m\u00b2)<\/td>\n<\/tr>\n<tr data-start=\"4481\" data-end=\"4564\">\n<td data-start=\"4481\" data-end=\"4493\" data-col-size=\"sm\">Terrasses<\/td>\n<td data-start=\"4493\" data-end=\"4564\" data-col-size=\"md\"><strong data-start=\"4495\" data-end=\"4500\">2<\/strong> (\u2248 7,37 m\u00b2 + 4,95 m\u00b2)<\/td>\n<\/tr>\n<tr data-start=\"4565\" data-end=\"4593\">\n<td data-start=\"4565\" data-end=\"4574\" data-col-size=\"sm\">Garage<\/td>\n<td data-start=\"4574\" data-end=\"4593\" data-col-size=\"md\"><strong data-start=\"4576\" data-end=\"4591\">2 v\u00e9hicules<\/strong><\/td>\n<\/tr>\n<tr data-start=\"4594\" data-end=\"4671\">\n<td data-start=\"4594\" data-end=\"4626\" data-col-size=\"sm\">Budget gros \u0153uvre (estimatif)<\/td>\n<td data-start=\"4626\" data-end=\"4671\" data-col-size=\"md\"><strong data-start=\"4628\" data-end=\"4652\">\u2248 40,7M \u00e0 67,8M FCFA<\/strong> (selon standard)<\/td>\n<\/tr>\n<tr data-start=\"4672\" data-end=\"4741\">\n<td data-start=\"4672\" data-end=\"4687\" data-col-size=\"sm\">Profil id\u00e9al<\/td>\n<td data-start=\"4687\" data-end=\"4741\" data-col-size=\"md\">Famille, r\u00e9sidence principale, r\u00e9ception &amp; confort<\/td>\n<\/tr>\n<\/tbody>\n<\/table>\n<\/div>\n<\/div>\n","protected":false},"excerpt":{"rendered":"<p>La <strong data-start=\"393\" data-end=\"408\">Villa NDAHO<\/strong> est une maison de plain-pied contemporaine, spacieuse et \u00e9l\u00e9gante, con\u00e7ue pour offrir un confort optimal \u00e0 une famille moderne, avec une organisation fluide des espaces, une excellente luminosit\u00e9 naturelle et une parfaite s\u00e9paration entre espaces de vie et espaces nuit.<\/p>\n","protected":false},"featured_media":25441,"comment_status":"open","ping_status":"closed","template":"","meta":{"_glsr_average":0,"_glsr_ranking":0,"_glsr_reviews":0,"_joinchat":[]},"product_cat":[154,152,159,147],"product_tag":[],"class_list":{"0":"post-25437","1":"product","2":"type-product","3":"status-publish","4":"has-post-thumbnail","6":"product_cat-100-m-et-plus","7":"product_cat-4-chambres-et-plus","8":"product_cat-moins-de-50-millions","9":"product_cat-plain-pied","10":"tm-no-options","12":"first","13":"instock","14":"sale","15":"shipping-taxable","16":"purchasable","17":"product-type-variable","18":"add-to-wishlist-after_add_to_cart"},"_links":{"self":[{"href":"https:\/\/premierpaschezsoi.com\/w2\/wp-json\/wp\/v2\/product\/25437","targetHints":{"allow":["GET"]}}],"collection":[{"href":"https:\/\/premierpaschezsoi.com\/w2\/wp-json\/wp\/v2\/product"}],"about":[{"href":"https:\/\/premierpaschezsoi.com\/w2\/wp-json\/wp\/v2\/types\/product"}],"replies":[{"embeddable":true,"href":"https:\/\/premierpaschezsoi.com\/w2\/wp-json\/wp\/v2\/comments?post=25437"}],"version-history":[{"count":4,"href":"https:\/\/premierpaschezsoi.com\/w2\/wp-json\/wp\/v2\/product\/25437\/revisions"}],"predecessor-version":[{"id":28787,"href":"https:\/\/premierpaschezsoi.com\/w2\/wp-json\/wp\/v2\/product\/25437\/revisions\/28787"}],"wp:featuredmedia":[{"embeddable":true,"href":"https:\/\/premierpaschezsoi.com\/w2\/wp-json\/wp\/v2\/media\/25441"}],"wp:attachment":[{"href":"https:\/\/premierpaschezsoi.com\/w2\/wp-json\/wp\/v2\/media?parent=25437"}],"wp:term":[{"taxonomy":"product_cat","embeddable":true,"href":"https:\/\/premierpaschezsoi.com\/w2\/wp-json\/wp\/v2\/product_cat?post=25437"},{"taxonomy":"product_tag","embeddable":true,"href":"https:\/\/premierpaschezsoi.com\/w2\/wp-json\/wp\/v2\/product_tag?post=25437"}],"curies":[{"name":"wp","href":"https:\/\/api.w.org\/{rel}","templated":true}]}}