{"id":28705,"date":"2025-12-13T22:23:41","date_gmt":"2025-12-13T21:23:41","guid":{"rendered":"https:\/\/premierpaschezsoi.com\/w2\/?post_type=product&#038;p=28705"},"modified":"2025-12-14T17:49:09","modified_gmt":"2025-12-14T16:49:09","slug":"villa-yoda_residence-familiale-contemporaine-en-r1","status":"publish","type":"product","link":"https:\/\/premierpaschezsoi.com\/w2\/produit\/villa-yoda_residence-familiale-contemporaine-en-r1\/","title":{"rendered":"Villa YODA_R\u00e9sidence familiale contemporaine en R+1"},"content":{"rendered":"<div class=\"\" data-block=\"true\" data-editor=\"e5mtg\" data-offset-key=\"epi23-0-0\">\n<div class=\"_1mf _1mj\" data-offset-key=\"epi23-0-0\">\n<p><span style=\"text-decoration: underline\">Caract\u00e9ristiques principales<\/span><\/p>\n<table class=\"w-fit min-w-(--thread-content-width)\" data-start=\"1182\" data-end=\"2954\">\n<thead data-start=\"1182\" data-end=\"1290\">\n<tr data-start=\"1182\" data-end=\"1290\">\n<th data-start=\"1182\" data-end=\"1216\" data-col-size=\"sm\">\u00c9l\u00e9ment<\/th>\n<th data-start=\"1216\" data-end=\"1290\" data-col-size=\"lg\">D\u00e9tail<\/th>\n<\/tr>\n<\/thead>\n<tbody data-start=\"1400\" data-end=\"2954\">\n<tr data-start=\"1400\" data-end=\"1507\">\n<td data-start=\"1400\" data-end=\"1434\" data-col-size=\"sm\"><strong data-start=\"1402\" data-end=\"1410\">Type<\/strong><\/td>\n<td data-col-size=\"lg\" data-start=\"1434\" data-end=\"1507\">Villa r\u00e9sidentielle R+1 (duplex)<\/td>\n<\/tr>\n<tr data-start=\"1508\" data-end=\"1615\">\n<td data-start=\"1508\" data-end=\"1542\" data-col-size=\"sm\"><strong data-start=\"1510\" data-end=\"1532\">Nombre de chambres<\/strong><\/td>\n<td data-col-size=\"lg\" data-start=\"1542\" data-end=\"1615\">5 chambres (1 au RDC, 4 \u00e0 l\u2019\u00e9tage dont une suite parentale)<\/td>\n<\/tr>\n<tr data-start=\"1616\" data-end=\"1723\">\n<td data-start=\"1616\" data-end=\"1650\" data-col-size=\"sm\"><strong data-start=\"1618\" data-end=\"1644\">Nombre de salles d\u2019eau<\/strong><\/td>\n<td data-col-size=\"lg\" data-start=\"1650\" data-end=\"1723\">1 au RDC, 4 \u00e0 l\u2019\u00e9tage (ind\u00e9pendantes)<\/td>\n<\/tr>\n<tr data-start=\"1724\" data-end=\"1831\">\n<td data-start=\"1724\" data-end=\"1758\" data-col-size=\"sm\"><strong data-start=\"1726\" data-end=\"1748\">Surface int\u00e9rieure<\/strong><\/td>\n<td data-start=\"1758\" data-end=\"1831\" data-col-size=\"lg\">Environ <strong data-start=\"1768\" data-end=\"1778\">350 m\u00b2<\/strong><\/td>\n<\/tr>\n<tr data-start=\"1832\" data-end=\"1939\">\n<td data-start=\"1832\" data-end=\"1866\" data-col-size=\"sm\"><strong data-start=\"1834\" data-end=\"1866\">Co\u00fbt estimatif du gros \u0153uvre<\/strong><\/td>\n<td data-col-size=\"lg\" data-start=\"1866\" data-end=\"1939\">Environ <strong data-start=\"1876\" data-end=\"1895\">29 750 000 FCFA<\/strong> (bas\u00e9 sur 85 000 FCFA \/ m\u00b2)<\/td>\n<\/tr>\n<tr data-start=\"1940\" data-end=\"2090\">\n<td data-start=\"1940\" data-end=\"1974\" data-col-size=\"sm\"><strong data-start=\"1942\" data-end=\"1949\">RDC<\/strong><\/td>\n<td data-col-size=\"lg\" data-start=\"1974\" data-end=\"2090\">Salon (33,79 m\u00b2), salle \u00e0 manger (14,88 m\u00b2), cuisine (17,77 m\u00b2), buanderie, magasin, chambre d\u2019amis, salle d\u2019eau<\/td>\n<\/tr>\n<tr data-start=\"2091\" data-end=\"2198\">\n<td data-start=\"2091\" data-end=\"2125\" data-col-size=\"sm\"><strong data-start=\"2093\" data-end=\"2104\">\u00c9tage 1<\/strong><\/td>\n<td data-start=\"2125\" data-end=\"2198\" data-col-size=\"lg\">Suite parentale + 3 chambres + 4 salles d\u2019eau + balcons<\/td>\n<\/tr>\n<tr data-start=\"2199\" data-end=\"2306\">\n<td data-start=\"2199\" data-end=\"2233\" data-col-size=\"sm\"><strong data-start=\"2201\" data-end=\"2223\">Espaces ext\u00e9rieurs<\/strong><\/td>\n<td data-col-size=\"lg\" data-start=\"2233\" data-end=\"2306\">Jardin, terrasse couverte<\/td>\n<\/tr>\n<tr data-start=\"2307\" data-end=\"2414\">\n<td data-start=\"2307\" data-end=\"2341\" data-col-size=\"sm\"><strong data-start=\"2309\" data-end=\"2319\">Garage<\/strong><\/td>\n<td data-start=\"2341\" data-end=\"2414\" data-col-size=\"lg\">Ferm\u00e9, 2 v\u00e9hicules<\/td>\n<\/tr>\n<tr data-start=\"2415\" data-end=\"2522\">\n<td data-start=\"2415\" data-end=\"2449\" data-col-size=\"sm\"><strong data-start=\"2417\" data-end=\"2427\">Entr\u00e9e<\/strong><\/td>\n<td data-col-size=\"lg\" data-start=\"2449\" data-end=\"2522\">Unique, en fa\u00e7ade principale<\/td>\n<\/tr>\n<tr data-start=\"2523\" data-end=\"2630\">\n<td data-start=\"2523\" data-end=\"2557\" data-col-size=\"sm\"><strong data-start=\"2525\" data-end=\"2550\">Dimensions du terrain<\/strong><\/td>\n<td data-col-size=\"lg\" data-start=\"2557\" data-end=\"2630\">14,25 m x 15,50 m (250 m\u00b2)<\/td>\n<\/tr>\n<tr data-start=\"2631\" data-end=\"2738\">\n<td data-start=\"2631\" data-end=\"2667\" data-col-size=\"sm\"><strong data-start=\"2633\" data-end=\"2666\">Dimension minimum recommand\u00e9e<\/strong><\/td>\n<td data-col-size=\"lg\" data-start=\"2667\" data-end=\"2738\">15 m x 15 m<\/td>\n<\/tr>\n<tr data-start=\"2739\" data-end=\"2846\">\n<td data-start=\"2739\" data-end=\"2773\" data-col-size=\"sm\"><strong data-start=\"2741\" data-end=\"2750\">Style<\/strong><\/td>\n<td data-col-size=\"lg\" data-start=\"2773\" data-end=\"2846\">Contemporain, lignes \u00e9pur\u00e9es, toiture dalle<\/td>\n<\/tr>\n<tr data-start=\"2847\" data-end=\"2954\">\n<td data-start=\"2847\" data-end=\"2881\" data-col-size=\"sm\"><strong data-start=\"2849\" data-end=\"2865\">Public cible<\/strong><\/td>\n<td data-col-size=\"lg\" data-start=\"2881\" data-end=\"2954\">Familles modernes, primo-acc\u00e9dants, propri\u00e9taires diasporas<\/td>\n<\/tr>\n<\/tbody>\n<\/table>\n<\/div>\n<\/div>\n","protected":false},"excerpt":{"rendered":"<p><strong>Villa Yoda : <\/strong>Duplex moderne et \u00e9conomique avec 5 chambres, grandes ouvertures, terrasses couvertes et garage ferm\u00e9.<br data-start=\"342\" data-end=\"345\" \/>Un mod\u00e8le pens\u00e9 pour offrir confort, autonomie et fonctionnalit\u00e9 sur un terrain de 250 m\u00b2.<\/p>\n","protected":false},"featured_media":28712,"comment_status":"open","ping_status":"closed","template":"","meta":{"_glsr_average":0,"_glsr_ranking":0,"_glsr_reviews":0,"_joinchat":[]},"product_cat":[158,152,148],"product_tag":[],"class_list":{"0":"post-28705","1":"product","2":"type-product","3":"status-publish","4":"has-post-thumbnail","6":"product_cat-moins-de-30-millions","7":"product_cat-4-chambres-et-plus","8":"product_cat-duplex","9":"tm-no-options","11":"first","12":"instock","13":"sale","14":"shipping-taxable","15":"purchasable","16":"product-type-variable","17":"add-to-wishlist-after_add_to_cart"},"_links":{"self":[{"href":"https:\/\/premierpaschezsoi.com\/w2\/wp-json\/wp\/v2\/product\/28705","targetHints":{"allow":["GET"]}}],"collection":[{"href":"https:\/\/premierpaschezsoi.com\/w2\/wp-json\/wp\/v2\/product"}],"about":[{"href":"https:\/\/premierpaschezsoi.com\/w2\/wp-json\/wp\/v2\/types\/product"}],"replies":[{"embeddable":true,"href":"https:\/\/premierpaschezsoi.com\/w2\/wp-json\/wp\/v2\/comments?post=28705"}],"version-history":[{"count":1,"href":"https:\/\/premierpaschezsoi.com\/w2\/wp-json\/wp\/v2\/product\/28705\/revisions"}],"predecessor-version":[{"id":28713,"href":"https:\/\/premierpaschezsoi.com\/w2\/wp-json\/wp\/v2\/product\/28705\/revisions\/28713"}],"wp:featuredmedia":[{"embeddable":true,"href":"https:\/\/premierpaschezsoi.com\/w2\/wp-json\/wp\/v2\/media\/28712"}],"wp:attachment":[{"href":"https:\/\/premierpaschezsoi.com\/w2\/wp-json\/wp\/v2\/media?parent=28705"}],"wp:term":[{"taxonomy":"product_cat","embeddable":true,"href":"https:\/\/premierpaschezsoi.com\/w2\/wp-json\/wp\/v2\/product_cat?post=28705"},{"taxonomy":"product_tag","embeddable":true,"href":"https:\/\/premierpaschezsoi.com\/w2\/wp-json\/wp\/v2\/product_tag?post=28705"}],"curies":[{"name":"wp","href":"https:\/\/api.w.org\/{rel}","templated":true}]}}