{"id":28741,"date":"2025-12-14T18:01:59","date_gmt":"2025-12-14T17:01:59","guid":{"rendered":"https:\/\/premierpaschezsoi.com\/w2\/?post_type=product&#038;p=28741"},"modified":"2025-12-19T22:44:42","modified_gmt":"2025-12-19T21:44:42","slug":"immeubles-residentiels-r2-jumeles","status":"publish","type":"product","link":"https:\/\/premierpaschezsoi.com\/w2\/produit\/immeubles-residentiels-r2-jumeles\/","title":{"rendered":"Immeuble r\u00e9sidentiels R+2 jumel\u00e9s"},"content":{"rendered":"<div class=\"\" data-block=\"true\" data-editor=\"e5mtg\" data-offset-key=\"epi23-0-0\">\n<div class=\"_1mf _1mj\" data-offset-key=\"epi23-0-0\">\n<p><span style=\"text-decoration: underline\">Caract\u00e9ristiques principales<\/span><\/p>\n<\/div>\n<table>\n<thead data-start=\"1424\" data-end=\"1532\">\n<tr data-start=\"1424\" data-end=\"1532\">\n<th data-start=\"1424\" data-end=\"1458\" data-col-size=\"sm\">\u00c9l\u00e9ment<\/th>\n<th data-start=\"1458\" data-end=\"1532\" data-col-size=\"md\">D\u00e9tail<\/th>\n<\/tr>\n<\/thead>\n<\/table>\n<div>\n<table>\n<tbody>\n<tr data-start=\"1642\" data-end=\"1749\">\n<td data-start=\"1642\" data-end=\"1676\" data-col-size=\"sm\"><strong data-start=\"1644\" data-end=\"1652\">Type<\/strong><\/td>\n<td data-start=\"1676\" data-end=\"1749\" data-col-size=\"md\">Immeuble r\u00e9sidentiel R+2 jumel\u00e9<\/td>\n<\/tr>\n<\/tbody>\n<\/table>\n<\/div>\n<div>\n<table>\n<tbody>\n<tr data-start=\"1750\" data-end=\"1858\">\n<td data-start=\"1750\" data-end=\"1784\" data-col-size=\"sm\"><strong data-start=\"1752\" data-end=\"1780\">Nombre total de chambres<\/strong><\/td>\n<td data-start=\"1784\" data-end=\"1858\" data-col-size=\"md\">5 chambres (1 au RDC, 3 au R+1, 1 au R+2)<\/td>\n<\/tr>\n<\/tbody>\n<\/table>\n<\/div>\n<div>\n<table>\n<tbody>\n<tr data-start=\"1859\" data-end=\"1967\">\n<td data-start=\"1859\" data-end=\"1893\" data-col-size=\"sm\"><strong data-start=\"1861\" data-end=\"1881\">Nombre de salons<\/strong><\/td>\n<td data-start=\"1893\" data-end=\"1967\" data-col-size=\"md\">2 (RDC et R+1)<\/td>\n<\/tr>\n<\/tbody>\n<\/table>\n<\/div>\n<div>\n<table>\n<tbody>\n<tr data-start=\"1968\" data-end=\"2076\">\n<td data-start=\"1968\" data-end=\"2002\" data-col-size=\"sm\"><strong data-start=\"1970\" data-end=\"1998\">Nombre de salles de bain<\/strong><\/td>\n<td data-start=\"2002\" data-end=\"2076\" data-col-size=\"md\">5 (1 par chambre) + 1 toilette visiteurs<\/td>\n<\/tr>\n<\/tbody>\n<\/table>\n<\/div>\n<div>\n<table>\n<tbody>\n<tr data-start=\"2077\" data-end=\"2184\">\n<td data-start=\"2077\" data-end=\"2111\" data-col-size=\"sm\"><strong data-start=\"2079\" data-end=\"2090\">Cuisine<\/strong><\/td>\n<td data-start=\"2111\" data-end=\"2184\" data-col-size=\"md\">Cuisine ferm\u00e9e<\/td>\n<\/tr>\n<\/tbody>\n<\/table>\n<\/div>\n<div>\n<table>\n<tbody>\n<tr data-start=\"2185\" data-end=\"2292\">\n<td data-start=\"2185\" data-end=\"2219\" data-col-size=\"sm\"><strong data-start=\"2187\" data-end=\"2209\">Surface construite<\/strong><\/td>\n<td data-start=\"2219\" data-end=\"2292\" data-col-size=\"md\">427 m\u00b2 par immeuble<\/td>\n<\/tr>\n<\/tbody>\n<\/table>\n<\/div>\n<div>\n<table>\n<tbody>\n<tr data-start=\"2293\" data-end=\"2400\">\n<td data-start=\"2293\" data-end=\"2327\" data-col-size=\"sm\"><strong data-start=\"2295\" data-end=\"2324\">Co\u00fbt estim\u00e9 du gros \u0153uvre<\/strong><\/td>\n<td data-start=\"2327\" data-end=\"2400\" data-col-size=\"md\">Environ <strong data-start=\"2337\" data-end=\"2356\">36 295 000 FCFA<\/strong> (427 m\u00b2 \u00d7 85 000 FCFA\/m\u00b2)<\/td>\n<\/tr>\n<\/tbody>\n<\/table>\n<\/div>\n<div>\n<table>\n<tbody>\n<tr data-start=\"2401\" data-end=\"2508\">\n<td data-start=\"2401\" data-end=\"2435\" data-col-size=\"sm\"><strong data-start=\"2403\" data-end=\"2425\">Terrasses &amp; balcon<\/strong><\/td>\n<td data-start=\"2435\" data-end=\"2508\" data-col-size=\"md\">2 terrasses au RDC, 1 balcon au R+1, 1 grande terrasse au R+2<\/td>\n<\/tr>\n<\/tbody>\n<\/table>\n<\/div>\n<div>\n<table>\n<tbody>\n<tr data-start=\"2509\" data-end=\"2616\">\n<td data-start=\"2509\" data-end=\"2543\" data-col-size=\"sm\"><strong data-start=\"2511\" data-end=\"2535\">Terrain par immeuble<\/strong><\/td>\n<td data-start=\"2543\" data-end=\"2616\" data-col-size=\"md\">150 m\u00b2 (15 m x 10 m)<\/td>\n<\/tr>\n<\/tbody>\n<\/table>\n<\/div>\n<div>\n<table>\n<tbody>\n<tr data-start=\"2617\" data-end=\"2724\">\n<td data-start=\"2617\" data-end=\"2651\" data-col-size=\"sm\"><strong data-start=\"2619\" data-end=\"2628\">Style<\/strong><\/td>\n<td data-start=\"2651\" data-end=\"2724\" data-col-size=\"md\">Moderne cubique, fa\u00e7ade rythm\u00e9e, toiture plate<\/td>\n<\/tr>\n<\/tbody>\n<\/table>\n<\/div>\n<div>\n<table>\n<tbody>\n<tr data-start=\"2725\" data-end=\"2832\">\n<td data-start=\"2725\" data-end=\"2759\" data-col-size=\"sm\"><strong data-start=\"2727\" data-end=\"2743\">Public cible<\/strong><\/td>\n<td data-start=\"2759\" data-end=\"2832\" data-col-size=\"md\">Familles de la diaspora, projet locatif, r\u00e9sidence group\u00e9e urbaine<\/td>\n<\/tr>\n<\/tbody>\n<\/table>\n<\/div>\n<p>&nbsp;<\/p>\n<\/div>\n","protected":false},"excerpt":{"rendered":"<p data-start=\"172\" data-end=\"348\">R\u00e9sidence familiale: Deux immeubles R+2 jumel\u00e9s avec 5 chambres chacun, doubles salons, bureau, terrasses et balcon.<br data-start=\"306\" data-end=\"309\" \/>Un mod\u00e8le haut standing pour cohabitation familiale ou projet immobilier en bande. Chaque immeuble est construit sur un terrain de 150m2.<\/p>\n<h3 class=\"\" data-start=\"310\" data-end=\"352\"><\/h3>\n","protected":false},"featured_media":28744,"comment_status":"open","ping_status":"closed","template":"","meta":{"_glsr_average":0,"_glsr_ranking":0,"_glsr_reviews":0,"_joinchat":[]},"product_cat":[154,152,159,149],"product_tag":[],"class_list":{"0":"post-28741","1":"product","2":"type-product","3":"status-publish","4":"has-post-thumbnail","6":"product_cat-100-m-et-plus","7":"product_cat-4-chambres-et-plus","8":"product_cat-moins-de-50-millions","9":"product_cat-r2-et-plus","10":"tm-no-options","12":"first","13":"instock","14":"sale","15":"shipping-taxable","16":"purchasable","17":"product-type-variable","18":"add-to-wishlist-after_add_to_cart"},"_links":{"self":[{"href":"https:\/\/premierpaschezsoi.com\/w2\/wp-json\/wp\/v2\/product\/28741","targetHints":{"allow":["GET"]}}],"collection":[{"href":"https:\/\/premierpaschezsoi.com\/w2\/wp-json\/wp\/v2\/product"}],"about":[{"href":"https:\/\/premierpaschezsoi.com\/w2\/wp-json\/wp\/v2\/types\/product"}],"replies":[{"embeddable":true,"href":"https:\/\/premierpaschezsoi.com\/w2\/wp-json\/wp\/v2\/comments?post=28741"}],"version-history":[{"count":2,"href":"https:\/\/premierpaschezsoi.com\/w2\/wp-json\/wp\/v2\/product\/28741\/revisions"}],"predecessor-version":[{"id":28789,"href":"https:\/\/premierpaschezsoi.com\/w2\/wp-json\/wp\/v2\/product\/28741\/revisions\/28789"}],"wp:featuredmedia":[{"embeddable":true,"href":"https:\/\/premierpaschezsoi.com\/w2\/wp-json\/wp\/v2\/media\/28744"}],"wp:attachment":[{"href":"https:\/\/premierpaschezsoi.com\/w2\/wp-json\/wp\/v2\/media?parent=28741"}],"wp:term":[{"taxonomy":"product_cat","embeddable":true,"href":"https:\/\/premierpaschezsoi.com\/w2\/wp-json\/wp\/v2\/product_cat?post=28741"},{"taxonomy":"product_tag","embeddable":true,"href":"https:\/\/premierpaschezsoi.com\/w2\/wp-json\/wp\/v2\/product_tag?post=28741"}],"curies":[{"name":"wp","href":"https:\/\/api.w.org\/{rel}","templated":true}]}}