{"id":28764,"date":"2025-12-14T19:11:07","date_gmt":"2025-12-14T18:11:07","guid":{"rendered":"https:\/\/premierpaschezsoi.com\/w2\/?post_type=product&#038;p=28764"},"modified":"2025-12-14T19:17:07","modified_gmt":"2025-12-14T18:17:07","slug":"immeuble-r2-10-appartements-sur-400m2","status":"publish","type":"product","link":"https:\/\/premierpaschezsoi.com\/w2\/produit\/immeuble-r2-10-appartements-sur-400m2\/","title":{"rendered":"Immeuble R+2 | 10 appartements | sur 400m2"},"content":{"rendered":"<div class=\"\" data-block=\"true\" data-editor=\"e5mtg\" data-offset-key=\"epi23-0-0\">\n<div class=\"_1mf _1mj\" data-offset-key=\"epi23-0-0\">\n<p><span style=\"text-decoration: underline\">Caract\u00e9ristiques principales<\/span><\/p>\n<\/div>\n<table class=\"w-fit min-w-(--thread-content-width)\" data-start=\"1962\" data-end=\"3286\">\n<thead data-start=\"1962\" data-end=\"2071\">\n<tr data-start=\"1962\" data-end=\"2071\">\n<th data-start=\"1962\" data-end=\"1997\" data-col-size=\"sm\">\u00c9l\u00e9ment<\/th>\n<th data-start=\"1997\" data-end=\"2071\" data-col-size=\"md\">D\u00e9tail<\/th>\n<\/tr>\n<\/thead>\n<tbody data-start=\"2182\" data-end=\"3286\">\n<tr data-start=\"2182\" data-end=\"2291\">\n<td data-start=\"2182\" data-end=\"2217\" data-col-size=\"sm\"><strong data-start=\"2184\" data-end=\"2192\">Type<\/strong><\/td>\n<td data-start=\"2217\" data-end=\"2291\" data-col-size=\"md\">Immeuble d&#8217;appartements locatifs R+2<\/td>\n<\/tr>\n<tr data-start=\"2292\" data-end=\"2402\">\n<td data-start=\"2292\" data-end=\"2327\" data-col-size=\"sm\"><strong data-start=\"2294\" data-end=\"2325\">Nombre total d\u2019appartements<\/strong><\/td>\n<td data-start=\"2327\" data-end=\"2402\" data-col-size=\"md\">10 (T1, T2, T3)<\/td>\n<\/tr>\n<tr data-start=\"2403\" data-end=\"2512\">\n<td data-start=\"2403\" data-end=\"2438\" data-col-size=\"sm\"><strong data-start=\"2405\" data-end=\"2433\">Surface habitable totale<\/strong><\/td>\n<td data-start=\"2438\" data-end=\"2512\" data-col-size=\"md\">545 m\u00b2<\/td>\n<\/tr>\n<tr data-start=\"2513\" data-end=\"2623\">\n<td data-start=\"2513\" data-end=\"2548\" data-col-size=\"sm\"><strong data-start=\"2515\" data-end=\"2536\">Nombre de niveaux<\/strong><\/td>\n<td data-start=\"2548\" data-end=\"2623\" data-col-size=\"md\">3 (RDC + 2 \u00e9tages)<\/td>\n<\/tr>\n<tr data-start=\"2624\" data-end=\"2734\">\n<td data-start=\"2624\" data-end=\"2659\" data-col-size=\"sm\"><strong data-start=\"2626\" data-end=\"2648\">Espaces ext\u00e9rieurs<\/strong><\/td>\n<td data-start=\"2659\" data-end=\"2734\" data-col-size=\"md\">Terrasse, jardin int\u00e9rieur (RDC)<\/td>\n<\/tr>\n<tr data-start=\"2735\" data-end=\"2844\">\n<td data-start=\"2735\" data-end=\"2770\" data-col-size=\"sm\"><strong data-start=\"2737\" data-end=\"2748\">Cuisine<\/strong><\/td>\n<td data-start=\"2770\" data-end=\"2844\" data-col-size=\"md\">Ferm\u00e9e dans chaque appartement<\/td>\n<\/tr>\n<tr data-start=\"2845\" data-end=\"2954\">\n<td data-start=\"2845\" data-end=\"2880\" data-col-size=\"sm\"><strong data-start=\"2847\" data-end=\"2856\">Style<\/strong><\/td>\n<td data-start=\"2880\" data-end=\"2954\" data-col-size=\"md\">Moderne, compact, optimis\u00e9<\/td>\n<\/tr>\n<tr data-start=\"2955\" data-end=\"3065\">\n<td data-start=\"2955\" data-end=\"2990\" data-col-size=\"sm\"><strong data-start=\"2957\" data-end=\"2979\">Terrain recommand\u00e9<\/strong><\/td>\n<td data-start=\"2990\" data-end=\"3065\" data-col-size=\"md\">400 m\u00b2 minimum<\/td>\n<\/tr>\n<tr data-start=\"3066\" data-end=\"3175\">\n<td data-start=\"3066\" data-end=\"3101\" data-col-size=\"sm\"><strong data-start=\"3068\" data-end=\"3084\">Public cible<\/strong><\/td>\n<td data-start=\"3101\" data-end=\"3175\" data-col-size=\"md\">Investisseurs, promoteurs immobiliers, propri\u00e9taires priv\u00e9s<\/td>\n<\/tr>\n<tr data-start=\"3176\" data-end=\"3286\">\n<td data-start=\"3176\" data-end=\"3211\" data-col-size=\"sm\"><strong data-start=\"3178\" data-end=\"3207\">Co\u00fbt estim\u00e9 du gros \u0153uvre<\/strong><\/td>\n<td data-start=\"3211\" data-end=\"3286\" data-col-size=\"md\"><strong data-start=\"3213\" data-end=\"3232\">46 325 000 FCFA<\/strong> (545 m\u00b2 \u00d7 85 000 FCFA\/m\u00b2)<\/td>\n<\/tr>\n<\/tbody>\n<\/table>\n<p>&nbsp;<\/p>\n<\/div>\n","protected":false},"excerpt":{"rendered":"<p data-start=\"172\" data-end=\"348\">Cet immeuble d&#8217;appartements locatifs de 3 niveaux est con\u00e7u pour maximiser la rentabilit\u00e9 locative tout en offrant un cadre de vie agr\u00e9able et fonctionnel.<br data-start=\"418\" data-end=\"421\" \/>Avec <strong data-start=\"426\" data-end=\"458\">10 appartements ind\u00e9pendants<\/strong> allant du T1 au T3, il est id\u00e9al pour un investissement locatif urbain ou un projet mixte.<\/p>\n<h3 class=\"\" data-start=\"310\" data-end=\"352\"><\/h3>\n","protected":false},"featured_media":28767,"comment_status":"open","ping_status":"closed","template":"","meta":{"_glsr_average":0,"_glsr_ranking":0,"_glsr_reviews":0,"_joinchat":[]},"product_cat":[154,152,167,159,149],"product_tag":[],"class_list":{"0":"post-28764","1":"product","2":"type-product","3":"status-publish","4":"has-post-thumbnail","6":"product_cat-100-m-et-plus","7":"product_cat-4-chambres-et-plus","8":"product_cat-appartement-locatif","9":"product_cat-moins-de-50-millions","10":"product_cat-r2-et-plus","11":"tm-no-options","13":"first","14":"instock","15":"sale","16":"shipping-taxable","17":"purchasable","18":"product-type-variable","19":"add-to-wishlist-after_add_to_cart"},"_links":{"self":[{"href":"https:\/\/premierpaschezsoi.com\/w2\/wp-json\/wp\/v2\/product\/28764","targetHints":{"allow":["GET"]}}],"collection":[{"href":"https:\/\/premierpaschezsoi.com\/w2\/wp-json\/wp\/v2\/product"}],"about":[{"href":"https:\/\/premierpaschezsoi.com\/w2\/wp-json\/wp\/v2\/types\/product"}],"replies":[{"embeddable":true,"href":"https:\/\/premierpaschezsoi.com\/w2\/wp-json\/wp\/v2\/comments?post=28764"}],"version-history":[{"count":1,"href":"https:\/\/premierpaschezsoi.com\/w2\/wp-json\/wp\/v2\/product\/28764\/revisions"}],"predecessor-version":[{"id":28771,"href":"https:\/\/premierpaschezsoi.com\/w2\/wp-json\/wp\/v2\/product\/28764\/revisions\/28771"}],"wp:featuredmedia":[{"embeddable":true,"href":"https:\/\/premierpaschezsoi.com\/w2\/wp-json\/wp\/v2\/media\/28767"}],"wp:attachment":[{"href":"https:\/\/premierpaschezsoi.com\/w2\/wp-json\/wp\/v2\/media?parent=28764"}],"wp:term":[{"taxonomy":"product_cat","embeddable":true,"href":"https:\/\/premierpaschezsoi.com\/w2\/wp-json\/wp\/v2\/product_cat?post=28764"},{"taxonomy":"product_tag","embeddable":true,"href":"https:\/\/premierpaschezsoi.com\/w2\/wp-json\/wp\/v2\/product_tag?post=28764"}],"curies":[{"name":"wp","href":"https:\/\/api.w.org\/{rel}","templated":true}]}}