{"id":28841,"date":"2025-12-20T00:21:24","date_gmt":"2025-12-19T23:21:24","guid":{"rendered":"https:\/\/premierpaschezsoi.com\/w2\/?post_type=product&#038;p=28841"},"modified":"2025-12-20T00:45:45","modified_gmt":"2025-12-19T23:45:45","slug":"immeuble-ming-r2-locatif-sur-terrain-de-300m2","status":"publish","type":"product","link":"https:\/\/premierpaschezsoi.com\/w2\/produit\/immeuble-ming-r2-locatif-sur-terrain-de-300m2\/","title":{"rendered":"Immeuble MING R+2  LOCATIF SUR TERRAIN DE 300m2"},"content":{"rendered":"<div data-block=\"true\" data-editor=\"e5mtg\" data-offset-key=\"epi23-0-0\"><strong>Caract\u00e9ristiques principales<\/strong><\/div>\n<table>\n<thead>\n<tr>\n<th>Caract\u00e9ristiques<\/th>\n<th>D\u00e9tails<\/th>\n<\/tr>\n<\/thead>\n<tbody>\n<tr>\n<td>Nom du mod\u00e8le<\/td>\n<td><strong>Immeuble MING<\/strong><\/td>\n<\/tr>\n<tr>\n<td>Type<\/td>\n<td>Immeuble locatif<\/td>\n<\/tr>\n<tr>\n<td>Configuration<\/td>\n<td><strong>R+2<\/strong><\/td>\n<\/tr>\n<tr>\n<td>Nombre de logements<\/td>\n<td><strong>6 appartements<\/strong><\/td>\n<\/tr>\n<tr>\n<td>Typologie<\/td>\n<td>2 chambres (F3)<\/td>\n<\/tr>\n<tr>\n<td>Salle polyvalente<\/td>\n<td>Oui (R+2)<\/td>\n<\/tr>\n<tr>\n<td>Terrasse<\/td>\n<td>Grande terrasse \u00e9v\u00e9nementielle<\/td>\n<\/tr>\n<tr>\n<td>Co\u00fbt de construction estimatif (gros \u0153uvre)<\/td>\n<td>\u2248 80 \u2013 95 M FCFA<\/td>\n<\/tr>\n<tr>\n<td>Surface locative r\u00e9sidentielle<\/td>\n<td><strong>\u2248 540 \u2013 600 m\u00b2<\/strong><\/td>\n<\/tr>\n<tr>\n<td>Surface \u00e9v\u00e9nementielle<\/td>\n<td><strong>\u2248 150 \u2013 180 m\u00b2<\/strong><\/td>\n<\/tr>\n<tr>\n<td>Usage<\/td>\n<td>R\u00e9sidentiel + \u00e9v\u00e9nementiel<\/td>\n<\/tr>\n<tr>\n<td>Terrains sugg\u00e9r\u00e9<\/td>\n<td>\u00a0300m2 ( fa\u00e7ade minimum de 10m)<\/td>\n<\/tr>\n<\/tbody>\n<\/table>\n<div class=\"\" data-block=\"true\" data-editor=\"e5mtg\" data-offset-key=\"epi23-0-0\">\n<p><strong>Estimation de rentabilit\u00e9*<\/strong><\/p>\n<table>\n<thead>\n<tr>\n<th>Indicateur<\/th>\n<th>Estimation<\/th>\n<\/tr>\n<\/thead>\n<tbody>\n<tr>\n<td>Revenu mensuel total<\/td>\n<td><strong>\u2248 2 350 000 \u2013 2 650 000 FCFA<\/strong><\/td>\n<\/tr>\n<tr>\n<td>Revenu annuel brut<\/td>\n<td><strong>\u2248 28 \u2013 32 M FCFA<\/strong><\/td>\n<\/tr>\n<tr>\n<td>Budget estimatif global<\/td>\n<td><strong>\u2248 95 \u2013 105 M FCFA<\/strong><\/td>\n<\/tr>\n<tr>\n<td><strong>Rentabilit\u00e9 brute estim\u00e9e<\/strong><\/td>\n<td><strong>\u2248 27 \u2013 30 % \/ an<\/strong><\/td>\n<\/tr>\n<tr>\n<td>Ville de r\u00e9f\u00e9rence<\/td>\n<td><strong>Abidjan<\/strong><\/td>\n<\/tr>\n<\/tbody>\n<\/table>\n<p>*Estimation indicative, d\u00e9pendante du quartier, du standing et de la gestion<\/p>\n<p>&nbsp;<\/p>\n<\/div>\n","protected":false},"excerpt":{"rendered":"<p data-start=\"595\" data-end=\"784\"><strong data-start=\"490\" data-end=\"498\">Le projet MING<\/strong>\u00a0est un immeuble locatif moderne et polyvalent, con\u00e7u pour <strong data-start=\"557\" data-end=\"599\">maximiser la rentabilit\u00e9 r\u00e9sidentielle<\/strong> tout en int\u00e9grant un <strong data-start=\"621\" data-end=\"682\">espace \u00e9v\u00e9nementiel g\u00e9n\u00e9rateur de revenus compl\u00e9mentaires<\/strong>.<br data-start=\"683\" data-end=\"686\" \/>Un mod\u00e8le strat\u00e9gique pour les investisseurs visant <strong data-start=\"738\" data-end=\"769\">diversification des revenus<\/strong> et <strong data-start=\"773\" data-end=\"807\">optimisation du foncier urbain<\/strong>.<\/p>\n<h3 class=\"\" data-start=\"310\" data-end=\"352\"><\/h3>\n","protected":false},"featured_media":28845,"comment_status":"open","ping_status":"closed","template":"","meta":{"_glsr_average":0,"_glsr_ranking":0,"_glsr_reviews":0,"_joinchat":[]},"product_cat":[154,150,167,166,149],"product_tag":[],"class_list":{"0":"post-28841","1":"product","2":"type-product","3":"status-publish","4":"has-post-thumbnail","6":"product_cat-100-m-et-plus","7":"product_cat-2-chambres","8":"product_cat-appartement-locatif","9":"product_cat-plus-de-100-millions","10":"product_cat-r2-et-plus","11":"tm-no-options","13":"first","14":"instock","15":"sale","16":"shipping-taxable","17":"purchasable","18":"product-type-variable","19":"add-to-wishlist-after_add_to_cart"},"_links":{"self":[{"href":"https:\/\/premierpaschezsoi.com\/w2\/wp-json\/wp\/v2\/product\/28841","targetHints":{"allow":["GET"]}}],"collection":[{"href":"https:\/\/premierpaschezsoi.com\/w2\/wp-json\/wp\/v2\/product"}],"about":[{"href":"https:\/\/premierpaschezsoi.com\/w2\/wp-json\/wp\/v2\/types\/product"}],"replies":[{"embeddable":true,"href":"https:\/\/premierpaschezsoi.com\/w2\/wp-json\/wp\/v2\/comments?post=28841"}],"version-history":[{"count":3,"href":"https:\/\/premierpaschezsoi.com\/w2\/wp-json\/wp\/v2\/product\/28841\/revisions"}],"predecessor-version":[{"id":28859,"href":"https:\/\/premierpaschezsoi.com\/w2\/wp-json\/wp\/v2\/product\/28841\/revisions\/28859"}],"wp:featuredmedia":[{"embeddable":true,"href":"https:\/\/premierpaschezsoi.com\/w2\/wp-json\/wp\/v2\/media\/28845"}],"wp:attachment":[{"href":"https:\/\/premierpaschezsoi.com\/w2\/wp-json\/wp\/v2\/media?parent=28841"}],"wp:term":[{"taxonomy":"product_cat","embeddable":true,"href":"https:\/\/premierpaschezsoi.com\/w2\/wp-json\/wp\/v2\/product_cat?post=28841"},{"taxonomy":"product_tag","embeddable":true,"href":"https:\/\/premierpaschezsoi.com\/w2\/wp-json\/wp\/v2\/product_tag?post=28841"}],"curies":[{"name":"wp","href":"https:\/\/api.w.org\/{rel}","templated":true}]}}

<div data-block="true" data-editor="e5mtg" data-offset-key="epi23-0-0"><strong>Caractéristiques principales</strong></div>
<table>
<thead>
<tr>
<th>Caractéristiques</th>
<th>Détails</th>
</tr>
</thead>
<tbody>
<tr>
<td>Nom du modèle</td>
<td><strong>Immeuble MING</strong></td>
</tr>
<tr>
<td>Type</td>
<td>Immeuble locatif</td>
</tr>
<tr>
<td>Configuration</td>
<td><strong>R+2</strong></td>
</tr>
<tr>
<td>Nombre de logements</td>
<td><strong>6 appartements</strong></td>
</tr>
<tr>
<td>Typologie</td>
<td>2 chambres (F3)</td>
</tr>
<tr>
<td>Salle polyvalente</td>
<td>Oui (R+2)</td>
</tr>
<tr>
<td>Terrasse</td>
<td>Grande terrasse événementielle</td>
</tr>
<tr>
<td>Coût de construction estimatif (gros œuvre)</td>
<td>≈ 80 – 95 M FCFA</td>
</tr>
<tr>
<td>Surface locative résidentielle</td>
<td><strong>≈ 540 – 600 m²</strong></td>
</tr>
<tr>
<td>Surface événementielle</td>
<td><strong>≈ 150 – 180 m²</strong></td>
</tr>
<tr>
<td>Usage</td>
<td>Résidentiel + événementiel</td>
</tr>
<tr>
<td>Terrains suggéré</td>
<td> 300m2 ( façade minimum de 10m)</td>
</tr>
</tbody>
</table>
<div class="" data-block="true" data-editor="e5mtg" data-offset-key="epi23-0-0">
<p><strong>Estimation de rentabilité*</strong></p>
<table>
<thead>
<tr>
<th>Indicateur</th>
<th>Estimation</th>
</tr>
</thead>
<tbody>
<tr>
<td>Revenu mensuel total</td>
<td><strong>≈ 2 350 000 – 2 650 000 FCFA</strong></td>
</tr>
<tr>
<td>Revenu annuel brut</td>
<td><strong>≈ 28 – 32 M FCFA</strong></td>
</tr>
<tr>
<td>Budget estimatif global</td>
<td><strong>≈ 95 – 105 M FCFA</strong></td>
</tr>
<tr>
<td><strong>Rentabilité brute estimée</strong></td>
<td><strong>≈ 27 – 30 % / an</strong></td>
</tr>
<tr>
<td>Ville de référence</td>
<td><strong>Abidjan</strong></td>
</tr>
</tbody>
</table>
<p>*Estimation indicative, dépendante du quartier, du standing et de la gestion</p>
<p>&nbsp;</p>
</div>

<p data-start="595" data-end="784"><strong data-start="490" data-end="498">Le projet MING</strong> est un immeuble locatif moderne et polyvalent, conçu pour <strong data-start="557" data-end="599">maximiser la rentabilité résidentielle</strong> tout en intégrant un <strong data-start="621" data-end="682">espace événementiel générateur de revenus complémentaires</strong>.<br data-start="683" data-end="686" />Un modèle stratégique pour les investisseurs visant <strong data-start="738" data-end="769">diversification des revenus</strong> et <strong data-start="773" data-end="807">optimisation du foncier urbain</strong>.</p>
<h3 class="" data-start="310" data-end="352"></h3>
