{"id":29091,"date":"2026-01-13T23:37:50","date_gmt":"2026-01-13T22:37:50","guid":{"rendered":"https:\/\/premierpaschezsoi.com\/w2\/?post_type=product&#038;p=29091"},"modified":"2026-01-13T23:46:47","modified_gmt":"2026-01-13T22:46:47","slug":"maison-plain-pied-128-m%c2%b2-habitable3-chambres-architecture-contemporaine","status":"publish","type":"product","link":"https:\/\/premierpaschezsoi.com\/w2\/produit\/maison-plain-pied-128-m%c2%b2-habitable3-chambres-architecture-contemporaine\/","title":{"rendered":"MAISON PLAIN-PIED \u2013 128 m\u00b2 HABITABLE3 chambres | Architecture contemporaine"},"content":{"rendered":"<table>\n<thead>\n<tr>\n<th>\u00c9l\u00e9ment<\/th>\n<th>Caract\u00e9ristiques<\/th>\n<\/tr>\n<\/thead>\n<tbody>\n<tr>\n<td>Type de b\u00e2timent<\/td>\n<td>Maison individuelle plain-pied<\/td>\n<\/tr>\n<tr>\n<td>Style architectural<\/td>\n<td>Contemporain<\/td>\n<\/tr>\n<tr>\n<td>Surface habitable<\/td>\n<td><strong>128 m\u00b2<\/strong><\/td>\n<\/tr>\n<tr>\n<td>Nombre de chambres<\/td>\n<td>3<\/td>\n<\/tr>\n<tr>\n<td>Nombre de salles de bain<\/td>\n<td>2<\/td>\n<\/tr>\n<tr>\n<td>Salon<\/td>\n<td>1<\/td>\n<\/tr>\n<tr>\n<td>Espace repas<\/td>\n<td>1<\/td>\n<\/tr>\n<tr>\n<td>Cuisine<\/td>\n<td>1 cuisine ouverte<\/td>\n<\/tr>\n<tr>\n<td>Parking<\/td>\n<td>1 place<\/td>\n<\/tr>\n<tr>\n<td>Niveau<\/td>\n<td>Plain-pied<\/td>\n<\/tr>\n<tr>\n<td>Mode de construction<\/td>\n<td>Construction traditionnelle<\/td>\n<\/tr>\n<tr>\n<td>Adaptabilit\u00e9<\/td>\n<td>Projet personnalisable selon terrain et besoins<\/td>\n<\/tr>\n<\/tbody>\n<\/table>\n<p>&nbsp;<\/p>\n<h2 data-start=\"521\" data-end=\"557\">Description<\/h2>\n<p data-start=\"558\" data-end=\"938\">Cette maison de plain-pied adopte une <strong data-start=\"596\" data-end=\"644\">architecture contemporaine sobre et \u00e9l\u00e9gante<\/strong>, avec des volumes bien proportionn\u00e9s, une hauteur sous plafond sup\u00e9rieure et une organisation int\u00e9rieure optimis\u00e9e.<br data-start=\"723\" data-end=\"726\" \/>Les espaces de vie sont ouverts et conviviaux, favorisant la circulation naturelle de la lumi\u00e8re et de l\u2019air.<br data-start=\"835\" data-end=\"838\" \/>La s\u00e9paration claire entre <strong data-start=\"865\" data-end=\"878\">zone jour<\/strong> et <strong data-start=\"882\" data-end=\"895\">zone nuit<\/strong> garantit intimit\u00e9 et confort au quotidien.<\/p>\n<p data-start=\"940\" data-end=\"1074\">Le projet est pens\u00e9 pour une <strong data-start=\"969\" data-end=\"997\">construction rationnelle<\/strong>, facile \u00e0 ex\u00e9cuter, tout en conservant une <strong data-start=\"1041\" data-end=\"1073\">valeur architecturale \u00e9lev\u00e9e<\/strong>.<\/p>\n<p data-start=\"1554\" data-end=\"1588\">\n","protected":false},"excerpt":{"rendered":"<p>Pens\u00e9e pour une <strong data-start=\"341\" data-end=\"360\">famille moderne<\/strong>, cette maison de plain-pied allie <strong data-start=\"395\" data-end=\"418\">design contemporain<\/strong>, <strong data-start=\"420\" data-end=\"444\">confort au quotidien<\/strong> et <strong data-start=\"448\" data-end=\"490\">optimisation intelligente des surfaces<\/strong>. Elle est id\u00e9ale pour une construction en auto-construction ou avec entreprise, sur un terrain standard.<\/p>\n","protected":false},"featured_media":29093,"comment_status":"open","ping_status":"closed","template":"","meta":{"_glsr_average":0,"_glsr_ranking":0,"_glsr_reviews":0,"_joinchat":[]},"product_cat":[154,152,157,147],"product_tag":[],"class_list":{"0":"post-29091","1":"product","2":"type-product","3":"status-publish","4":"has-post-thumbnail","6":"product_cat-100-m-et-plus","7":"product_cat-4-chambres-et-plus","8":"product_cat-moins-de-15-millions","9":"product_cat-plain-pied","10":"tm-no-options","12":"first","13":"instock","14":"sale","15":"shipping-taxable","16":"purchasable","17":"product-type-variable","18":"add-to-wishlist-after_add_to_cart"},"_links":{"self":[{"href":"https:\/\/premierpaschezsoi.com\/w2\/wp-json\/wp\/v2\/product\/29091","targetHints":{"allow":["GET"]}}],"collection":[{"href":"https:\/\/premierpaschezsoi.com\/w2\/wp-json\/wp\/v2\/product"}],"about":[{"href":"https:\/\/premierpaschezsoi.com\/w2\/wp-json\/wp\/v2\/types\/product"}],"replies":[{"embeddable":true,"href":"https:\/\/premierpaschezsoi.com\/w2\/wp-json\/wp\/v2\/comments?post=29091"}],"version-history":[{"count":1,"href":"https:\/\/premierpaschezsoi.com\/w2\/wp-json\/wp\/v2\/product\/29091\/revisions"}],"predecessor-version":[{"id":29101,"href":"https:\/\/premierpaschezsoi.com\/w2\/wp-json\/wp\/v2\/product\/29091\/revisions\/29101"}],"wp:featuredmedia":[{"embeddable":true,"href":"https:\/\/premierpaschezsoi.com\/w2\/wp-json\/wp\/v2\/media\/29093"}],"wp:attachment":[{"href":"https:\/\/premierpaschezsoi.com\/w2\/wp-json\/wp\/v2\/media?parent=29091"}],"wp:term":[{"taxonomy":"product_cat","embeddable":true,"href":"https:\/\/premierpaschezsoi.com\/w2\/wp-json\/wp\/v2\/product_cat?post=29091"},{"taxonomy":"product_tag","embeddable":true,"href":"https:\/\/premierpaschezsoi.com\/w2\/wp-json\/wp\/v2\/product_tag?post=29091"}],"curies":[{"name":"wp","href":"https:\/\/api.w.org\/{rel}","templated":true}]}}

<table>
<thead>
<tr>
<th>Élément</th>
<th>Caractéristiques</th>
</tr>
</thead>
<tbody>
<tr>
<td>Type de bâtiment</td>
<td>Maison individuelle plain-pied</td>
</tr>
<tr>
<td>Style architectural</td>
<td>Contemporain</td>
</tr>
<tr>
<td>Surface habitable</td>
<td><strong>128 m²</strong></td>
</tr>
<tr>
<td>Nombre de chambres</td>
<td>3</td>
</tr>
<tr>
<td>Nombre de salles de bain</td>
<td>2</td>
</tr>
<tr>
<td>Salon</td>
<td>1</td>
</tr>
<tr>
<td>Espace repas</td>
<td>1</td>
</tr>
<tr>
<td>Cuisine</td>
<td>1 cuisine ouverte</td>
</tr>
<tr>
<td>Parking</td>
<td>1 place</td>
</tr>
<tr>
<td>Niveau</td>
<td>Plain-pied</td>
</tr>
<tr>
<td>Mode de construction</td>
<td>Construction traditionnelle</td>
</tr>
<tr>
<td>Adaptabilité</td>
<td>Projet personnalisable selon terrain et besoins</td>
</tr>
</tbody>
</table>
<p>&nbsp;</p>
<h2 data-start="521" data-end="557">Description</h2>
<p data-start="558" data-end="938">Cette maison de plain-pied adopte une <strong data-start="596" data-end="644">architecture contemporaine sobre et élégante</strong>, avec des volumes bien proportionnés, une hauteur sous plafond supérieure et une organisation intérieure optimisée.<br data-start="723" data-end="726" />Les espaces de vie sont ouverts et conviviaux, favorisant la circulation naturelle de la lumière et de l’air.<br data-start="835" data-end="838" />La séparation claire entre <strong data-start="865" data-end="878">zone jour</strong> et <strong data-start="882" data-end="895">zone nuit</strong> garantit intimité et confort au quotidien.</p>
<p data-start="940" data-end="1074">Le projet est pensé pour une <strong data-start="969" data-end="997">construction rationnelle</strong>, facile à exécuter, tout en conservant une <strong data-start="1041" data-end="1073">valeur architecturale élevée</strong>.</p>
<p data-start="1554" data-end="1588">

<p>Pensée pour une <strong data-start="341" data-end="360">famille moderne</strong>, cette maison de plain-pied allie <strong data-start="395" data-end="418">design contemporain</strong>, <strong data-start="420" data-end="444">confort au quotidien</strong> et <strong data-start="448" data-end="490">optimisation intelligente des surfaces</strong>. Elle est idéale pour une construction en auto-construction ou avec entreprise, sur un terrain standard.</p>
